/(-12))/((-38)/(-18)))?
2, 19
Suppose -2*q = -0*q - v - 3, q - v = 3. Suppose -3*b - k + 2*k + 265 = q, -b - 4*k + 110 = 0. What are the prime factors of b?
2, 3, 5
List the prime factors of 16/(-28)*(-21)/(-6) + 700.
2, 349
Let w(t) = 8*t**2 + 1. Let s be 2/(-14) + (-242)/(-77). List the prime factors of w(s).
73
Let x(v) = -4*v + v - 14 + 46*v**2 + 6 - v**2. What are the prime factors of x(-2)?
2, 89
Suppose 3*b + 5*p - 1881 = 0, 6*p - 10*p + 1881 = 3*b. What are the prime factors of b?
3, 11, 19
Suppose 2*k = -16 - 42. Let w = -22 - k. Suppose -10 - 11 = -w*l. What are the prime factors of l?
3
Let m = 2717 + -1320. List the prime factors of m.
11, 127
Let s be 2/6*(-2 + -5 + 10). List the prime factors of 678/9*(s/(-2) + 2).
113
Let b = -400 + 1434. List the prime factors of b.
2, 11, 47
Suppose -4 = -4*u, -k + 0*u + 131 = -2*u. Suppose 22 = -3*y + k. What are the prime factors of y?
37
Suppose -2*r = -3*r + 3. Suppose 450 = 5*h + q - 220, r*q + 555 = 4*h. List the prime factors of h.
3, 5
Suppose 5*y + 4*u - 5908 = -1469, -3*u + 4443 = 5*y. What are the prime factors of y?
3, 11
Let v = -2 + -1. Let z be (v/(-1))/(12/512). Let h = z + -69. What are the prime factors of h?
59
Let w(z) be the third derivative of z**6/120 + 2*z**5/15 + 3*z**4/8 + z**3/3 + 3*z**2. Let c be w(-6). Suppose c = 5*p - 0*p. List the prime factors of p.
2
Suppose 0*j - 10 = -5*j. Suppose -246 = -j*i + 4*l, i - 102 = -l + 21. List the prime factors of i.
3, 41
Let j = 10302 + -6221. List the prime factors of j.
7, 11, 53
Suppose 2*y + 8 = -30. Let g(v) = v**3 + 21*v**2 + 29*v + 26. List the prime factors of g(y).
197
Let f be ((-10)/25)/(4/(-380)). Suppose f*g - 40*g = -12. What are the prime factors of g?
2, 3
Suppose -5*g - 73 = -3*t, 5*t = 4*t + 1. Let q be (-24)/g - (-8)/28. Let x = 5 + q. What are the prime factors of x?
7
Let p be ((-8)/(-24) + 4/(-6))*-3. Suppose -2*m - 6 = 3*x, 0 = 3*x - 3*m + 4*m + 6. List the prime factors of p*1*(18 + x).
2
Let t(j) = 15*j - 19. What are the prime factors of t(29)?
2, 13
Suppose -2*i + 4*i = 352. Let n = i + -64. What are the prime factors of n?
2, 7
Let k be 9*(-4 + (-76)/(-12)). Let w be ((-14)/k)/(4/6). Let r(a) = -46*a - 1. List the prime factors of r(w).
3, 5
Let g(c) = -c**2 - 12*c - 8. Let s be g(-13). Let r = 12 + s. Let d = r + 45. List the prime factors of d.
2, 3
Suppose -7*u + 12217 = -1797. What are the prime factors of u?
2, 7, 11, 13
Let i(s) = -s**3 - 11*s**2 + 7. Let w be i(-11). What are the prime factors of (-2)/4 - w/(42/(-267))?
2, 11
Suppose -9*c - 1111 + 3604 = 0. What are the prime factors of c?
277
Let x(r) be the first derivative of r**3/3 - 7*r**2 + 15*r + 12. Let p be x(13). Suppose 0*s = b - s - 55, 61 = b + p*s. List the prime factors of b.
3, 19
Let i be (-26)/(-65) - (-96)/10. List the prime factors of -2*(-3 + -5)*i.
2, 5
Suppose -122742 = 37*k - 64*k. List the prime factors of k.
2, 2273
Let b = 113 + -175. List the prime factors of (b/(-3))/(5/15) + 2.
2
Let q = -63 - -123. Let n = 280 - q. List the prime factors of n.
2, 5, 11
Suppose -3 = -o + 2*m - 4*m, 0 = 5*o + m - 24. Suppose 0 = -o*h, -4*w - 5*h + 56 = -2*h. Let y = w - 4. What are the prime factors of y?
2, 5
Let j(g) = -16*g + 486. What are the prime factors of j(-28)?
2, 467
Let b be (-1)/((-2)/20*2). Let d = b - 3. Suppose -30 = -5*z + z + d*p, 0 = 2*p + 6. What are the prime factors of z?
2, 3
Let x(b) be the first derivative of 31*b**3/3 + 3*b**2/2 + 3*b + 32. What are the prime factors of x(-2)?
11
Let a(d) = 13*d**2 - 3*d - 1. Let v be a(-2). Suppose -v*z = -55*z - 530. List the prime factors of z.
5, 53
Let o(p) = 3*p**3 + 3*p**2 + 12*p + 16. What are the prime factors of o(6)?
2, 211
Suppose -5*x = -9*x + 12. Let o(f) = -x + 0*f + f + 0*f - 1. What are the prime factors of o(16)?
2, 3
Suppose 4*x - 2576 = -4*b, -4*x - 323 = -b + 301. What are the prime factors of b?
2, 5
Let j(r) = r**2 - 12*r + 1. Let h be j(13). Let y = -39 + 24. Let v = h - y. What are the prime factors of v?
29
Let b = -141 + 49. Let x = 172 + b. What are the prime factors of x?
2, 5
Let h(r) = 6*r - 3. Let o be h(4). Let s = -24 + o. What are the prime factors of s/(9/(-24)) - 1?
7
Suppose 4*k - 9 + 3 = -o, -5*o = -2*k - 52. Suppose -5*g + o*g = -45. What are the prime factors of 412/12 + 3/g?
2, 17
Let m = -19 + 21. Let r be (-8)/m + 6 - -3. Suppose r*d - 96 = 34. What are the prime factors of d?
2, 13
Let r(x) = x**3 + 9*x**2 - x - 1. Let h(k) = k**3 - 2*k**2 - 7*k - 5. Let t be h(-2). List the prime factors of r(t).
2, 13
List the prime factors of ((-4)/(-6))/((-8)/(-1060*6)).
2, 5, 53
Let d = -969 + 1430. List the prime factors of d.
461
Let u(l) = 2*l - 8. Let y be u(6). Suppose -5*r = y*b + 25, 0 - 4 = -r + b. List the prime factors of 24 + 1 + (r - 0).
2, 3
Let n = 1301 + 744. What are the prime factors of n?
5, 409
Let p(v) be the second derivative of v**4/3 - v**3/2 - 4*v**2 + 7*v - 1. Let c(w) = -2*w - 7. Let d be c(-6). List the prime factors of p(d).
7, 11
Let k be 3 + ((-87)/4)/(2/72). List the prime factors of ((-48)/10)/(18/k).
2, 13
Suppose 62 = -b + 19. Let r = b + 108. List the prime factors of r.
5, 13
Suppose -3*p + 5 = -7. List the prime factors of 262/p - (-2)/(-4).
5, 13
Suppose -6*h + h + 392 = 4*m, 0 = -5*m + 5*h + 490. Let n = -25 + m. List the prime factors of n.
73
Let c = -79 + 79. Suppose c = -3*z - 3*h + 4 - 1, -4*h = -4*z + 36. What are the prime factors of z?
5
Suppose -4*f + 7*f = 30. Suppose -4 = 3*q - f. Suppose -q*g = -5*g + 69. What are the prime factors of g?
23
Let o(y) = 42*y - 42. What are the prime factors of o(9)?
2, 3, 7
Suppose -3*b - 3*a = -0*a - 15, 3*a = 4*b - 6. Suppose -73 - 107 = -b*o. What are the prime factors of o?
2, 3, 5
Suppose -5*t + 2*t = -6. Suppose -b + 2*b = t. Let i = b + 16. What are the prime factors of i?
2, 3
Suppose 0 = 9*y - 4*y - 5. Let h(l) = -3*l**2 - 2*l + 1. Let w be h(y). Let i(j) = 2*j**2 + 5*j + 10. List the prime factors of i(w).
2, 11
Let u be 0/(-3)*-1 + (0 - -66). Let l = 42 + u. List the prime factors of l.
2, 3
Let t = -999 + 1418. What are the prime factors of t?
419
Let c = -36 - 10. Let m = -114 + 211. Let w = m + c. What are the prime factors of w?
3, 17
Let r(j) = 15*j - 29. Let m(x) = 14*x - 29. Let p(b) = 7*m(b) - 6*r(b). List the prime factors of p(6).
19
Let x(u) = -u**3 + 28*u**2 + 29*u + 11. What are the prime factors of x(29)?
11
Suppose 0 = 6*a - 10*a - p + 3112, 5*p = 3*a - 2311. What are the prime factors of a?
3, 7, 37
Let z be 6/(-1 - 6/(-9)). Let l be z/4*234/27. Let g = -12 - l. List the prime factors of g.
3
Let w(h) = h**2 - h + 12. Suppose -5*l - b = -6*b + 15, 1 = l - 3*b. What are the prime factors of w(l)?
2, 3, 7
Let t = 3344 + -1215. List the prime factors of t.
2129
Let b = -11 - -19. Let o = 12 - b. Suppose 0 = -9*u + o*u + 80. What are the prime factors of u?
2
Let h be (3/(-3))/((-2)/6). Suppose 6*t - 10 = t + 5*o, 0 = h*t + o - 26. Let x = t - 4. List the prime factors of x.
3
Let h = -14 - -12. List the prime factors of 2*(-10)/(-1) + h.
2, 3
Let r(f) = -f**2 + 7*f + 8. Suppose -7*s = -9*s + 14. What are the prime factors of r(s)?
2
Let j(w) = 17*w**2 - 2*w - 1. Let b be j(2). Let g be b + 1 - 0/5. Suppose g = 2*c - 3*t - 2*t, -3*c + 96 = t. List the prime factors of c.
2
Suppose 3671 = 4*d - 93. List the prime factors of d.
941
Let o(q) = q**3 + 27*q**2 + 51*q + 45. List the prime factors of o(-24).
3, 61
Let j(t) be the first derivative of 8 + 1/2*t**2 + 19*t. List the prime factors of j(-14).
5
Suppose 3*p = p - 2*q + 2732, -3*q = -4*p + 5471. List the prime factors of p.
1367
Let g(t) = 2*t - 2. Let x be g(2). Suppose 3*r - 51 = -5*b + x*b, -5*b - 4*r = -89. List the prime factors of b.
3, 7
Suppose 4 = 5*g - 16. Let n be (1 - (0 + g)) + 11. Let m = n - -5. List the prime factors of m.
13
Suppose 3*u = 4*u + 2. What are the prime factors of (0 - (3 + u))*-55?
5, 11
Suppose c - 3 = -2. What are the prime factors of (-1 + 2 - c) + (-1924)/(-26)?
2, 37
Let p = 96 - 92. Suppose 3*s - 239 = -p*r - 0*r, -4*s + 174 = 3*r. List the prime factors of r.
2, 31
Let s be 7/(-21) - 1/((-9)/1146). Suppose 0*a + m + s = a, -2*a + m = -250. List the prime factors of a.
3, 41
Let q be (-1 + 1)*2/(-3 - -7). List the prime factors of 0 + -1 + q 